 divisor of m and 1274.
49
Let o = 39 + -3. Suppose 2*m + 314*l + 16 = 318*l, m + 3*l = 42. Calculate the greatest common factor of o and m.
12
Suppose 4 = 2*u + 2, -8 = -2*r - 2*u. Suppose 0 = r*i + 5*g - 1117, 5*g + 1067 = -2*i + 5*i. Calculate the highest common divisor of i and 28.
28
Let k = -435 + 4355. Calculate the highest common divisor of k and 70.
70
Let h be (5 - (-44)/(-4)) + 0 + -2 + 14. What is the highest common factor of h and 2802?
6
Let d = 51 + -33. Let b(y) be the third derivative of -7*y**4/12 - 211*y**3/6 + 6*y**2 + 7*y. Let w be b(-17). Calculate the greatest common factor of d and w.
9
Let a be (-36)/(-54)*(-22599)/(-62). What is the greatest common divisor of a and 1647?
27
Let r be (-3068)/(-78)*(21/6 + 1). Let u = 183 - r. Let y be 9*(140/(-6))/(-5). Calculate the highest common divisor of u and y.
6
Let d = 14 + -14. Suppose -3*n + 3*g + 45 = -d*n, 4*n = 3*g + 57. Let p be (-9)/2*168/(-9). What is the greatest common divisor of p and n?
12
Let c(w) = -w**3 + 14*w**2 + 22*w - 332. Let t be c(12). What is the greatest common divisor of t and 940?
20
Let p = -237 + 240. Suppose -18*w - 58 = -19*w + 2*c, p*w - 2*c = 178. Calculate the greatest common divisor of 50 and w.
10
Let b = 57 - 38. Let q(x) = x - 21. Let c be q(b). Let t be c/6 - (28/(-3) - -4). Calculate the highest common factor of t and 5.
5
Let p(y) = 174*y - 7874. Let h be p(73). Calculate the greatest common divisor of h and 34.
34
Suppose 89*f - 60*f = 42195. Calculate the greatest common divisor of f and 45.
15
Suppose 21012 + 25169 = 18*i + 11405. What is the highest common divisor of 168 and i?
84
Let w(h) = 152*h**2 - h. Suppose 6*d = 2*d - 4. Let a be w(d). Suppose 5*j - 22 = -l, -5*l + 6*j - 4 = -83. What is the greatest common divisor of l and a?
17
Suppose 0*b - 5*b - 6 = u, 10 = 5*u + 5*b. Suppose -182 = 49917*g - 49943*g. What is the greatest common factor of g and u?
1
Suppose 282*x + 14874 = 53388 + 39036. Let y(d) = 18*d - 3. Let q be y(2). What is the greatest common factor of x and q?
11
Suppose 2*u + 5 = -61. Let t = -43 - u. Let m be 2 - 1/(5/t). What is the highest common divisor of 12 and m?
4
Suppose -15*g = -1335 - 1770. Let v = g - 147. What is the greatest common divisor of v and 40?
20
Let y(f) = 26*f - 390. Let u be y(67). Calculate the highest common divisor of 117 and u.
13
Let c(f) be the first derivative of -f**4/4 + 25*f**3/3 + 27*f**2 + 29*f + 13. Let j be c(27). Let v = j - 0. What is the highest common factor of v and 58?
29
Suppose 0 = -17*o + 20*o - 3132. Suppose 3*r - 2*y = -6*y + o, -r - 5*y = -348. Suppose -5*p + 1328 = r. Calculate the highest common divisor of 14 and p.
14
Suppose 31 = -3*z - 53. Let l = 71 - z. Let v = 110 + -101. What is the greatest common divisor of v and l?
9
Let i(o) = -594*o + 4046. Let u be i(-5). Calculate the greatest common divisor of u and 8.
8
Let z be (-67 + 1 + 0)/(-1). Let t be (-121)/3 - (-22)/z. Let x = t + 71. What is the highest common factor of 31 and x?
31
Let b = -2 - -2. Let o be 7 - (10 - 5) - 0. Suppose 2*l + v - 39 = b, o*v = 5*l - 44 - 40. What is the greatest common factor of l and 144?
18
Let u be ((-66)/(-27) - 2)*(-450)/(-100). What is the greatest common factor of u and 758?
2
Let h be ((-25)/(-15))/(1/(-3)). Let j(x) = -3*x. Let k be j(h). Suppose 18*q - 22*q - 15 = -b, -3*b + 24 = -5*q. What is the highest common divisor of b and k?
3
Let k be (4/6)/((-1)/42). Let g be (-3 - 642/(-2)) + k/(-7). Calculate the highest common divisor of g and 14.
14
Suppose 0 = 3*o + 3*t - 7857 - 2889, o + 5*t - 3570 = 0. What is the greatest common divisor of o and 15?
15
Let s be (-51)/2*((-26)/6 + 1). Let k be 4/(-34) - (-775)/s. Let r = -22 + 103. Calculate the greatest common factor of k and r.
9
Suppose 2*u = -133 - 703. Let i = u - -422. Calculate the highest common divisor of 48 and i.
4
Suppose 42 = a - 4*d + 3, a = -5*d + 3. Let y = a - 26. Let n be (-171)/(-6) - y/(-2). What is the greatest common divisor of n and 9?
9
Suppose 4*a - 5*x - 540 = 0, 0 = 13*a - 11*a - 8*x - 292. Calculate the greatest common divisor of a and 13000.
130
Let m = 1725 + -1374. What is the highest common divisor of m and 2925?
117
Let k be 8/18*3*(221 - 212). What is the highest common factor of k and 6312?
12
Suppose 25*f - 30*f = -20. Let l(b) = 4*b**2 - b**3 - 2*b**2 - f*b**2 + 6 + 12*b. Let t be l(-5). Calculate the highest common factor of t and 147.
21
Suppose -673*i = -646*i - 4250 + 470. Calculate the highest common factor of 112 and i.
28
Suppose -13*u + 10039 = -11*u - g, -4 = -4*g. What is the highest common divisor of u and 20?
20
Let n(t) = t + 16. Let p be n(0). Let m = -4289 - -4293. What is the highest common divisor of p and m?
4
Suppose 65 = 3*a + 23. Let s = -16 + a. Let i be (s + 1 + -8)/(-1). What is the greatest common divisor of 99 and i?
9
Suppose -5*o - 73 = -8*h - 8*o, h - 11 = -o. Let l(q) = -q**3 - 7*q**2 + 5*q + 8. Let i be l(-8). Calculate the greatest common factor of i and h.
8
Suppose 0 = 21*g + 19*g - 4*g - 2952. What is the greatest common factor of 779 and g?
41
Let t(k) = k + 20. Let g be t(-27). Let i(f) = f**3 + 10*f**2 + 17*f + 12. Let s be i(g). Calculate the greatest common factor of 50 and s.
10
Suppose 108 = i + i. Suppose -3*z = 20*o - 23*o - 756, 2*o = -18. What is the highest common divisor of z and i?
27
Suppose 6*m - m + 4*d = 268, 5*m = -3*d + 266. Let j be (1 + 1)*m*14/56. Calculate the highest common divisor of j and 65.
13
Suppose -5*s + 9*o = 6*o - 10418, -2094 = -s - 2*o. What is the greatest common divisor of 112 and s?
14
Let o(n) = 12*n + 59. Let a(j) = -13*j - 56. Let w(b) = 5*a(b) + 4*o(b). Let y be w(-7). What is the highest common divisor of 325 and y?
25
Let a(j) = 2*j**2 + 9*j + 25. Let f be 4 + 136/(-12) + (-6)/9. Let g be a(f). Suppose 5*o = -g + 231. Calculate the highest common factor of o and 10.
10
Let u(t) = t - 5. Let w be u(8). Let y be (w - 0)/(2/268). Suppose -5*g + g + y = -2*j, g - 78 = -4*j. What is the highest common divisor of 14 and g?
14
Suppose 19*z = 3*z - 7152. Let b = 491 + z. Calculate the highest common factor of 308 and b.
44
Let k be -2*1/(-7) + 70/98. Let w be -1*(k + -19)/3. Let p be 42 - (-3 - (-3 + 0)). Calculate the highest common divisor of w and p.
6
Suppose -5*u = 4*z - 9*z + 15445, u + 5*z = -3083. Let h be (-3)/(-9)*1 - u/24. What is the greatest common divisor of 43 and h?
43
Suppose -4*k = -5*f + 2560, 3*f - 1523 = 13*k - 8*k. Calculate the highest common factor of f and 903.
129
Let m(u) = u**3 - 5*u**2 - 2*u + 17. Let c be m(5). Suppose -k = c - 14. Calculate the highest common factor of 63 and k.
7
Suppose -242 = -4*z + 2*p, -p = -2*z - 2*z + 247. Suppose s + 8*c = 58, -5*s - c = 3*c - 110. What is the highest common divisor of s and z?
9
Let n be 2/5 + (-3)/(-5) - -63. Let q = n - 65. Let r = q + 12. Calculate the greatest common divisor of r and 11.
11
Suppose c - 2 - 2 = 0, 4*z + 2*c = -1272. Let w = z - -337. Calculate the greatest common factor of w and 34.
17
Let v(o) = -19*o - 334. Let f be v(-18). Calculate the highest common factor of 74 and f.
2
Let p(l) = 3*l**2 - 22*l + 16 + 44 + 40*l. Let k be p(-5). Calculate the greatest common factor of 18 and k.
9
Suppose 4*m - 116 = -2*r - 0*r, -3*r - 3*m = -162. Let j(c) = -16*c**2 + 685*c - 71. Let g be j(42). Calculate the greatest common divisor of r and g.
25
Let q = -10 - -74. Suppose 1728 = 79*f + 785*f. Calculate the highest common factor of q and f.
2
Suppose -46 = -6*i + 32. Let m(n) = 10*n**2 + n + 2. Suppose -2*h - 5 = -7. Let g be m(h). What is the highest common divisor of g and i?
13
Let j = 9 - 5. Suppose 0 = b + 4*h - 84, -4*b + 2*h + 27 = -273. Calculate the highest common factor of j and b.
4
Let q = 21 + -15. Let d be -1*(-3)/q*0. Suppose -p - 2*f - 37 = -2*p, -2*p + 3*f + 72 = d. Calculate the greatest common factor of 165 and p.
33
Suppose 0 = 2*q + 3*k - 34, 2*q - 2*k - 19 + 5 = 0. Let x = 754 + -677. Calculate the highest common divisor of q and x.
11
Let a be (-1)/(-2) - 36/(-8). Let r be ((-16)/(-12))/((-10)/(-15)). Suppose -a*m = -5*s + 95, 2 = r*m + 4. Calculate the greatest common factor of 126 and s.
18
Suppose 0 = 2*i - 4*c - 390, -6 = 13*c - 11*c. Suppose 0 = -n + 1 - 3, 0 = -3*v + 5*n + 73. What is the g